{"id":2830,"date":"2021-04-07T20:36:04","date_gmt":"2021-04-07T23:36:04","guid":{"rendered":"http:\/\/www.bucoskielopes.com.br\/?page_id=2830"},"modified":"2021-05-12T17:53:05","modified_gmt":"2021-05-12T20:53:05","slug":"elementor-2830","status":"publish","type":"page","link":"http:\/\/www.bucoskielopes.com.br\/?page_id=2830","title":{"rendered":"MERCADO DE CAPITAIS 1"},"content":{"rendered":"\t\t<div data-elementor-type=\"wp-page\" data-elementor-id=\"2830\" class=\"elementor elementor-2830\" data-elementor-settings=\"[]\">\n\t\t\t\t\t\t\t<div class=\"elementor-section-wrap\">\n\t\t\t\t\t\t\t<section class=\"elementor-section elementor-top-section elementor-element elementor-element-378b4b8 elementor-hidden-tablet elementor-hidden-phone elementor-section-boxed elementor-section-height-default elementor-section-height-default\" data-id=\"378b4b8\" data-element_type=\"section\" data-settings=\"{&quot;background_background&quot;:&quot;classic&quot;}\">\n\t\t\t\t\t\t<div class=\"elementor-container elementor-column-gap-default\">\n\t\t\t\t\t<div class=\"elementor-column elementor-col-100 elementor-top-column elementor-element elementor-element-b618da3\" data-id=\"b618da3\" data-element_type=\"column\">\n\t\t\t<div class=\"elementor-widget-wrap elementor-element-populated\">\n\t\t\t\t\t\t\t\t<div class=\"elementor-element elementor-element-327556b elementor-widget elementor-widget-spacer\" data-id=\"327556b\" data-element_type=\"widget\" data-widget_type=\"spacer.default\">\n\t\t\t\t<div class=\"elementor-widget-container\">\n\t\t\t\t\t<div class=\"elementor-spacer\">\n\t\t\t<div class=\"elementor-spacer-inner\"><\/div>\n\t\t<\/div>\n\t\t\t\t<\/div>\n\t\t\t\t<\/div>\n\t\t\t\t\t<\/div>\n\t\t<\/div>\n\t\t\t\t\t\t\t<\/div>\n\t\t<\/section>\n\t\t\t\t<section class=\"elementor-section elementor-top-section elementor-element elementor-element-95edb4f elementor-hidden-desktop elementor-hidden-tablet elementor-section-boxed elementor-section-height-default elementor-section-height-default\" data-id=\"95edb4f\" data-element_type=\"section\" data-settings=\"{&quot;background_background&quot;:&quot;classic&quot;}\">\n\t\t\t\t\t\t<div class=\"elementor-container elementor-column-gap-default\">\n\t\t\t\t\t<div class=\"elementor-column elementor-col-100 elementor-top-column elementor-element elementor-element-c0b6947\" data-id=\"c0b6947\" data-element_type=\"column\">\n\t\t\t<div class=\"elementor-widget-wrap elementor-element-populated\">\n\t\t\t\t\t\t\t\t<div class=\"elementor-element elementor-element-d5a1d75 elementor-widget elementor-widget-image\" data-id=\"d5a1d75\" data-element_type=\"widget\" data-widget_type=\"image.default\">\n\t\t\t\t<div class=\"elementor-widget-container\">\n\t\t\t\t\t<div class=\"elementor-image\">\n\t\t\t\t\t\t\t\t\t\t<img width=\"1030\" height=\"446\" src=\"http:\/\/www.bucoskielopes.com.br\/wp-content\/uploads\/2014\/09\/mercado-de-capitais-1030x446.jpg\" class=\"avia-img-lazy-loading-2436 attachment-large size-large\" alt=\"\" loading=\"lazy\" srcset=\"http:\/\/www.bucoskielopes.com.br\/wp-content\/uploads\/2014\/09\/mercado-de-capitais-1030x446.jpg 1030w, http:\/\/www.bucoskielopes.com.br\/wp-content\/uploads\/2014\/09\/mercado-de-capitais-300x130.jpg 300w, http:\/\/www.bucoskielopes.com.br\/wp-content\/uploads\/2014\/09\/mercado-de-capitais-1500x650.jpg 1500w, http:\/\/www.bucoskielopes.com.br\/wp-content\/uploads\/2014\/09\/mercado-de-capitais-705x305.jpg 705w, http:\/\/www.bucoskielopes.com.br\/wp-content\/uploads\/2014\/09\/mercado-de-capitais-450x195.jpg 450w, http:\/\/www.bucoskielopes.com.br\/wp-content\/uploads\/2014\/09\/mercado-de-capitais.jpg 1920w\" sizes=\"(max-width: 1030px) 100vw, 1030px\" \/>\t\t\t\t\t\t\t\t\t\t\t<\/div>\n\t\t\t\t<\/div>\n\t\t\t\t<\/div>\n\t\t\t\t\t<\/div>\n\t\t<\/div>\n\t\t\t\t\t\t\t<\/div>\n\t\t<\/section>\n\t\t\t\t<section class=\"elementor-section elementor-top-section elementor-element elementor-element-1639ff2 elementor-section-boxed elementor-section-height-default elementor-section-height-default\" data-id=\"1639ff2\" data-element_type=\"section\">\n\t\t\t\t\t\t<div class=\"elementor-container elementor-column-gap-default\">\n\t\t\t\t\t<div class=\"elementor-column elementor-col-50 elementor-top-column elementor-element elementor-element-e28a708\" data-id=\"e28a708\" data-element_type=\"column\">\n\t\t\t<div class=\"elementor-widget-wrap elementor-element-populated\">\n\t\t\t\t\t\t\t\t<div class=\"elementor-element elementor-element-2056fb3 elementor-widget elementor-widget-spacer\" data-id=\"2056fb3\" data-element_type=\"widget\" data-widget_type=\"spacer.default\">\n\t\t\t\t<div class=\"elementor-widget-container\">\n\t\t\t\t\t<div class=\"elementor-spacer\">\n\t\t\t<div class=\"elementor-spacer-inner\"><\/div>\n\t\t<\/div>\n\t\t\t\t<\/div>\n\t\t\t\t<\/div>\n\t\t\t\t<div class=\"elementor-element elementor-element-25b6152 elementor-widget elementor-widget-heading\" data-id=\"25b6152\" data-element_type=\"widget\" data-widget_type=\"heading.default\">\n\t\t\t\t<div class=\"elementor-widget-container\">\n\t\t\t<h2 class=\"elementor-heading-title elementor-size-default\">MERCADO DE CAPITAIS<\/h2>\t\t<\/div>\n\t\t\t\t<\/div>\n\t\t\t\t<div class=\"elementor-element elementor-element-e54e476 elementor-hidden-tablet elementor-hidden-phone elementor-widget elementor-widget-text-editor\" data-id=\"e54e476\" data-element_type=\"widget\" data-widget_type=\"text-editor.default\">\n\t\t\t\t<div class=\"elementor-widget-container\">\n\t\t\t\t\t<div class=\"elementor-text-editor elementor-clearfix\"><p style=\"text-align: JUSTIFY;\"><strong>O espetacular mundo do Mercado de Capitais atrai milhares de investidores em todo o globo. Curiosos, profissionais e aprendizes se revezam neste atraente ramo de investimentos. No Brasil diversos fatores Culturais e Burocr\u00e1ticos impedem o crescimento do n\u00famero de aplicadores na Bolsa de Valores. Por\u00e9m n\u00e3o podemos esquecer que trata-se de uma atraente fonte de capita\u00e7\u00e3o de recursos a baix\u00edssimo custo comparado a outros convencionais meios de financiamentos.<\/strong>\n<strong>Nosso trabalho consiste basicamente em apresentar ao empres\u00e1rio uma alternativa menos demorada, eficaz e de custos bastante reduzidos para adentrar no Mercado de Capitais, assessorando Jur\u00eddica e Contabilmente ( Padr\u00e3o Internacional ), al\u00e9m do acompanhamento t\u00e9cnico para abertura de IPOs ( Ofertas Publicas Iniciais ), por\u00e9m atrav\u00e9s da utiliza\u00e7\u00e3o de uma PUBLIC SHELL COMPANY, que j\u00e1 possua registro de companhia aberta, objetivando uma futura Fus\u00e3o Reversa ( Reverge Merger ), bastante comum no mercado dos Estados Unidos da Am\u00e9rica e j\u00e1 fora utilizado no Brasil no ano de 2007, pela Kroton Participa\u00e7\u00f5es, que adquiriu Companhia Aberta perante a CVM, para acelerar seu processo de IPO, com o auxilio de dois grandes do mercado: Bancos Morgan Stanley e Merril Lynch.<\/strong>\n<strong>O uso de uma Public Shell Company possui uma interessante variedade de op\u00e7\u00f5es, desde o uso em fus\u00f5es e aquisi\u00e7\u00f5es, at\u00e9 a venda de ativos muito valorizados. Estas empresas ficam em Stand By, aguardando o momento correto de entrarem em opera\u00e7\u00e3o, serem compradas, adquirirem ativos ou outras opera\u00e7\u00f5es.<\/strong>\n<strong>Ao contr\u00e1rio do que muitos imaginam, no Brasil n\u00e3o s\u00e3o os empres\u00e1rios que n\u00e3o querem ir a Bolsa de Valores, e sim as barreiras impostas pela mesma e principalmente pelo pr\u00f3prio mercado que inviabilizam a opera\u00e7\u00e3o.<\/strong>\n<strong>Neste projeto o objetivo \u00e9 ofertar a empresas que n\u00e3o possuem faturamento bilion\u00e1rio, de tamb\u00e9m abrirem seu capital. Uma metodologia j\u00e1 amplamente utilizada nos EUA, ou seja, nenhuma inven\u00e7\u00e3o nova. Acreditamos que podemos estar diante de uma ferramenta muito \u00fatil a toda sociedade empresarial, facilitando e maximizando o interesse de milhares de pessoas que se encontram as margens deste mercado.<\/strong>\n<strong>Uma forma bem mais barata, mais r\u00e1pida e menos burocr\u00e1tica, pode ser uma real alternativa para o crescimento dos investidores e empres\u00e1rios que poder\u00e3o ir a Bolsa de Valores, dentro de um modelo j\u00e1 consagrado em outros pa\u00edses, que com alguns ajustes \u00e0 nossa legisla\u00e7\u00e3o criar\u00e1 uma op\u00e7\u00e3o, \u00e0 Moda Brasileira.<\/strong>\n<strong>Esta \u00e9 a proposta que BUCOSKI E LOPES Advogados Associados, e seus parceiros operacionais apresentam ao empresariado, como fonte alternativa para entrada no fant\u00e1stico e atraente mundo do Mercado de Capitais.<\/strong><\/p><\/div>\n\t\t\t\t<\/div>\n\t\t\t\t<\/div>\n\t\t\t\t<div class=\"elementor-element elementor-element-6935b2c elementor-hidden-desktop elementor-hidden-tablet elementor-widget elementor-widget-text-editor\" data-id=\"6935b2c\" data-element_type=\"widget\" data-widget_type=\"text-editor.default\">\n\t\t\t\t<div class=\"elementor-widget-container\">\n\t\t\t\t\t<div class=\"elementor-text-editor elementor-clearfix\"><p style=\"text-align: JUSTIFY;\"><strong>O espetacular mundo do Mercado de Capitais atrai milhares de investidores em todo o globo. Curiosos, profissionais e aprendizes se revezam neste atraente ramo de investimentos. No Brasil diversos fatores Culturais e Burocr\u00e1ticos impedem o crescimento do n\u00famero de aplicadores na Bolsa de Valores. Por\u00e9m n\u00e3o podemos esquecer que trata-se de uma atraente fonte de capita\u00e7\u00e3o de recursos a baix\u00edssimo custo comparado a outros convencionais meios de financiamentos.<\/strong>\n<strong>Nosso trabalho consiste basicamente em apresentar ao empres\u00e1rio uma alternativa menos demorada, eficaz e de custos bastante reduzidos para adentrar no Mercado de Capitais, assessorando Jur\u00eddica e Contabilmente ( Padr\u00e3o Internacional ), al\u00e9m do acompanhamento t\u00e9cnico para abertura de IPOs ( Ofertas Publicas Iniciais ), por\u00e9m atrav\u00e9s da utiliza\u00e7\u00e3o de uma PUBLIC SHELL COMPANY, que j\u00e1 possua registro de companhia aberta, objetivando uma futura Fus\u00e3o Reversa ( Reverge Merger ), bastante comum no mercado dos Estados Unidos da Am\u00e9rica e j\u00e1 fora utilizado no Brasil no ano de 2007, pela Kroton Participa\u00e7\u00f5es, que adquiriu Companhia Aberta perante a CVM, para acelerar seu processo de IPO, com o auxilio de dois grandes do mercado: Bancos Morgan Stanley e Merril Lynch.<\/strong>\n<strong>O uso de uma Public Shell Company possui uma interessante variedade de op\u00e7\u00f5es, desde o uso em fus\u00f5es e aquisi\u00e7\u00f5es, at\u00e9 a venda de ativos muito valorizados. Estas empresas ficam em Stand By, aguardando o momento correto de entrarem em opera\u00e7\u00e3o, serem compradas, adquirirem ativos ou outras opera\u00e7\u00f5es.<\/strong>\n<strong>Ao contr\u00e1rio do que muitos imaginam, no Brasil n\u00e3o s\u00e3o os empres\u00e1rios que n\u00e3o querem ir a Bolsa de Valores, e sim as barreiras impostas pela mesma e principalmente pelo pr\u00f3prio mercado que inviabilizam a opera\u00e7\u00e3o.<\/strong>\n<strong>Neste projeto o objetivo \u00e9 ofertar a empresas que n\u00e3o possuem faturamento bilion\u00e1rio, de tamb\u00e9m abrirem seu capital. Uma metodologia j\u00e1 amplamente utilizada nos EUA, ou seja, nenhuma inven\u00e7\u00e3o nova. Acreditamos que podemos estar diante de uma ferramenta muito \u00fatil a toda sociedade empresarial, facilitando e maximizando o interesse de milhares de pessoas que se encontram as margens deste mercado.<\/strong>\n<strong>Uma forma bem mais barata, mais r\u00e1pida e menos burocr\u00e1tica, pode ser uma real alternativa para o crescimento dos investidores e empres\u00e1rios que poder\u00e3o ir a Bolsa de Valores, dentro de um modelo j\u00e1 consagrado em outros pa\u00edses, que com alguns ajustes \u00e0 nossa legisla\u00e7\u00e3o criar\u00e1 uma op\u00e7\u00e3o, \u00e0 Moda Brasileira.<\/strong>\n<strong>Esta \u00e9 a proposta que BUCOSKI E LOPES Advogados Associados, e seus parceiros operacionais apresentam ao empresariado, como fonte alternativa para entrada no fant\u00e1stico e atraente mundo do Mercado de Capitais.<\/strong><\/p><\/div>\n\t\t\t\t<\/div>\n\t\t\t\t<\/div>\n\t\t\t\t\t<\/div>\n\t\t<\/div>\n\t\t\t\t<div class=\"elementor-column elementor-col-50 elementor-top-column elementor-element elementor-element-8a0d22f\" data-id=\"8a0d22f\" data-element_type=\"column\">\n\t\t\t<div class=\"elementor-widget-wrap elementor-element-populated\">\n\t\t\t\t\t\t\t\t<div class=\"elementor-element elementor-element-9286ff0 elementor-widget elementor-widget-spacer\" data-id=\"9286ff0\" data-element_type=\"widget\" data-widget_type=\"spacer.default\">\n\t\t\t\t<div class=\"elementor-widget-container\">\n\t\t\t\t\t<div class=\"elementor-spacer\">\n\t\t\t<div class=\"elementor-spacer-inner\"><\/div>\n\t\t<\/div>\n\t\t\t\t<\/div>\n\t\t\t\t<\/div>\n\t\t\t\t<div class=\"elementor-element elementor-element-0bda4f7 elementor-widget elementor-widget-heading\" data-id=\"0bda4f7\" data-element_type=\"widget\" data-widget_type=\"heading.default\">\n\t\t\t\t<div class=\"elementor-widget-container\">\n\t\t\t<h2 class=\"elementor-heading-title elementor-size-default\">Precisa de auxilio, entre em contato.<br><\/h2>\t\t<\/div>\n\t\t\t\t<\/div>\n\t\t\t\t<div class=\"elementor-element elementor-element-a109343 elementor-widget elementor-widget-text-editor\" data-id=\"a109343\" data-element_type=\"widget\" data-widget_type=\"text-editor.default\">\n\t\t\t\t<div class=\"elementor-widget-container\">\n\t\t\t\t\t<div class=\"elementor-text-editor elementor-clearfix\"><h3>41 \u2013 3018 2857<\/h3><\/div>\n\t\t\t\t<\/div>\n\t\t\t\t<\/div>\n\t\t\t\t<div class=\"elementor-element elementor-element-d010bad elementor-widget elementor-widget-text-editor\" data-id=\"d010bad\" data-element_type=\"widget\" data-widget_type=\"text-editor.default\">\n\t\t\t\t<div class=\"elementor-widget-container\">\n\t\t\t\t\t<div class=\"elementor-text-editor elementor-clearfix\"><div role=\"form\" class=\"wpcf7\" id=\"wpcf7-f2527-o1\" lang=\"pt-BR\" dir=\"ltr\">\n<div class=\"screen-reader-response\"><p role=\"status\" aria-live=\"polite\" aria-atomic=\"true\"><\/p> <ul><\/ul><\/div>\n<form action=\"\/index.php?rest_route=%2Fwp%2Fv2%2Fpages%2F2830#wpcf7-f2527-o1\" method=\"post\" class=\"wpcf7-form init\" novalidate=\"novalidate\" data-status=\"init\">\n<div style=\"display: none;\">\n<input type=\"hidden\" name=\"_wpcf7\" value=\"2527\" \/>\n<input type=\"hidden\" name=\"_wpcf7_version\" value=\"5.4\" \/>\n<input type=\"hidden\" name=\"_wpcf7_locale\" value=\"pt_BR\" \/>\n<input type=\"hidden\" name=\"_wpcf7_unit_tag\" value=\"wpcf7-f2527-o1\" \/>\n<input type=\"hidden\" name=\"_wpcf7_container_post\" value=\"0\" \/>\n<input type=\"hidden\" name=\"_wpcf7_posted_data_hash\" value=\"\" \/>\n<\/div>\n<p><label> Nome<br \/>\n    <span class=\"wpcf7-form-control-wrap your-name\"><input type=\"text\" name=\"your-name\" value=\"\" size=\"40\" class=\"wpcf7-form-control wpcf7-text wpcf7-validates-as-required\" aria-required=\"true\" aria-invalid=\"false\" \/><\/span> <\/label><\/p>\n<p><label> Seu email<br \/>\n    <span class=\"wpcf7-form-control-wrap your-email\"><input type=\"email\" name=\"your-email\" value=\"\" size=\"40\" class=\"wpcf7-form-control wpcf7-text wpcf7-email wpcf7-validates-as-required wpcf7-validates-as-email\" aria-required=\"true\" aria-invalid=\"false\" \/><\/span> <\/label><\/p>\n<p><label> Assunto<br \/>\n    <span class=\"wpcf7-form-control-wrap your-subject\"><input type=\"text\" name=\"your-subject\" value=\"\" size=\"40\" class=\"wpcf7-form-control wpcf7-text wpcf7-validates-as-required\" aria-required=\"true\" aria-invalid=\"false\" \/><\/span> <\/label><\/p>\n<p><label> Sua mensagem (opcional)<br \/>\n    <span class=\"wpcf7-form-control-wrap your-message\"><textarea name=\"your-message\" cols=\"40\" rows=\"10\" class=\"wpcf7-form-control wpcf7-textarea\" aria-invalid=\"false\"><\/textarea><\/span> <\/label><\/p>\n<p><input type=\"submit\" value=\"Enviar\" class=\"wpcf7-form-control wpcf7-submit\" \/><\/p>\n<div class=\"wpcf7-response-output\" aria-hidden=\"true\"><\/div><\/form><\/div><\/div>\n\t\t\t\t<\/div>\n\t\t\t\t<\/div>\n\t\t\t\t\t<\/div>\n\t\t<\/div>\n\t\t\t\t\t\t\t<\/div>\n\t\t<\/section>\n\t\t\t\t\t\t<\/div>\n\t\t\t\t\t<\/div>\n\t\t","protected":false},"excerpt":{"rendered":"<p>MERCADO DE CAPITAIS O espetacular mundo do Mercado de Capitais atrai milhares de investidores em todo o globo. Curiosos, profissionais e aprendizes se revezam neste atraente ramo de investimentos. No Brasil diversos fatores Culturais e Burocr\u00e1ticos impedem o crescimento do n\u00famero de aplicadores na Bolsa de Valores. Por\u00e9m n\u00e3o podemos esquecer que trata-se de uma [&hellip;]<\/p>\n","protected":false},"author":1,"featured_media":0,"parent":0,"menu_order":0,"comment_status":"closed","ping_status":"closed","template":"elementor_header_footer","meta":[],"_links":{"self":[{"href":"http:\/\/www.bucoskielopes.com.br\/index.php?rest_route=\/wp\/v2\/pages\/2830"}],"collection":[{"href":"http:\/\/www.bucoskielopes.com.br\/index.php?rest_route=\/wp\/v2\/pages"}],"about":[{"href":"http:\/\/www.bucoskielopes.com.br\/index.php?rest_route=\/wp\/v2\/types\/page"}],"author":[{"embeddable":true,"href":"http:\/\/www.bucoskielopes.com.br\/index.php?rest_route=\/wp\/v2\/users\/1"}],"replies":[{"embeddable":true,"href":"http:\/\/www.bucoskielopes.com.br\/index.php?rest_route=%2Fwp%2Fv2%2Fcomments&post=2830"}],"version-history":[{"count":16,"href":"http:\/\/www.bucoskielopes.com.br\/index.php?rest_route=\/wp\/v2\/pages\/2830\/revisions"}],"predecessor-version":[{"id":3001,"href":"http:\/\/www.bucoskielopes.com.br\/index.php?rest_route=\/wp\/v2\/pages\/2830\/revisions\/3001"}],"wp:attachment":[{"href":"http:\/\/www.bucoskielopes.com.br\/index.php?rest_route=%2Fwp%2Fv2%2Fmedia&parent=2830"}],"curies":[{"name":"wp","href":"https:\/\/api.w.org\/{rel}","templated":true}]}}